{"id":57,"date":"2022-05-17T13:53:56","date_gmt":"2022-05-17T13:53:56","guid":{"rendered":"https:\/\/vsschoenau.ac.at\/?page_id=57"},"modified":"2026-05-02T04:46:09","modified_gmt":"2026-05-02T04:46:09","slug":"termine","status":"publish","type":"page","link":"https:\/\/vsschoenau.ac.at\/?page_id=57","title":{"rendered":"Termine im Schuljahr 2025\/26"},"content":{"rendered":"<p>&nbsp;<\/p>\n<p style=\"text-align: center;\"><strong><span style=\"color: #993366;\">Allgemeine Termine<\/span><\/strong><\/p>\n<p style=\"text-align: center;\">Schulbeginn: 01.09.2025<\/p>\n<p style=\"text-align: center;\">Schulschluss: 03.07.2026<\/p>\n<p>&nbsp;<\/p>\n<p>____________________________________________________________________________________<\/p>\n<p style=\"text-align: center;\"><strong><span style=\"color: #993366;\">Klassenforen\/Elternsprechtage\/KEL Gespr\u00e4che:<\/span><\/strong><\/p>\n<p style=\"text-align: center;\">Klassenforen: 03.09. 2025<\/p>\n<p style=\"text-align: center;\">Schulforum: 30.9. 2025<\/p>\n<p style=\"text-align: center;\">Elternsprechtag: 19.11.2025<\/p>\n<p style=\"text-align: center;\">KEL-Gespr\u00e4che im 2. Semester<\/p>\n<p>_____________________________________________________________________________<\/p>\n<p style=\"text-align: center;\"><strong><span style=\"color: #993366;\">Schulautonomer Tag:<\/span><\/strong><\/p>\n<p style=\"text-align: center;\">\u00a0 \u00a0 \u00a0 \u00a005.06.2026<\/p>\n<hr \/>\n<p style=\"text-align: center;\"><strong><span style=\"color: #993366;\">Schulferien\/Feiertage:<\/span><\/strong><\/p>\n<p style=\"text-align: center;\">Herbstferien: 27.10.-31.10.2025<\/p>\n<p>\u00a0 \u00a0 \u00a0 \u00a0 \u00a0 \u00a0 \u00a0 \u00a0 \u00a0 \u00a0 \u00a0 \u00a0 \u00a0 \u00a0 \u00a0 \u00a0 \u00a0 \u00a0 \u00a0 \u00a0 \u00a0 \u00a0 \u00a0 \u00a0 \u00a0 \u00a0 \u00a0 \u00a0 \u00a0 \u00a0 \u00a0 \u00a0 \u00a0 \u00a0 \u00a0 \u00a0 \u00a0 \u00a0 Maria Empf\u00e4ngnis 08.12.2025<\/p>\n<p style=\"text-align: center;\">Weihnachtsferien: 24.12.2025 &#8211; 06.01.2026<\/p>\n<p style=\"text-align: center;\">Semesterferien: 02.02. &#8211; 06.02.2026<\/p>\n<p style=\"text-align: center;\">Osterferien: 28.03. &#8211; 06.04.2026<\/p>\n<p style=\"text-align: center;\">Staatsfeiertag: 01.05.2026<\/p>\n<p style=\"text-align: center;\">Christi Himmelfahrt: 14.05.2026<\/p>\n<p style=\"text-align: center;\">Pfingstferien: 23.05. &#8211; 25.05.2026<\/p>\n<p style=\"text-align: center;\">Fronleichnam: 04.06.2026<\/p>\n<p style=\"text-align: center;\">Sommerferien: 04.07. &#8211; 06.09.2026<\/p>\n<hr \/>\n<p><strong><span style=\"color: #993366;\">Schulprojekte:<\/span><\/strong><\/p>\n<p><span style=\"color: #000000;\"><strong>Sport\/Bewegung: <\/strong><\/span><\/p>\n<ul style=\"font-size: 16px; font-style: normal; font-weight: 400;\">\n<li style=\"font-size: 16px;\">17.09.: Wandertag Schlosspark Kottingbrunn (1.-3.Klasse)<\/li>\n<li style=\"font-size: 16px;\">&#8222;Bewegte Klasse&#8220;: 20.10., 22.12. 2025, 16.02., 13.04. und 17.06. 2026<\/li>\n<li><span style=\"font-size: 16px; font-style: normal; font-weight: 400;\">&#8222;Hopsi Hopper&#8220; (alle Klassen): 05.11., 21.01. 2025, 25.03., 20.05. 2026<\/span><\/li>\n<li style=\"font-size: 16px;\">Eislauftermine: 21.11. 2025, 20.2. 2026<\/li>\n<li>19.12.: M\u00e4dchenfu\u00dfball<\/li>\n<li style=\"font-size: 16px;\">23.01.: Sumsi-Erima-Hallenfu\u00dfballcup (Veranstaltungshalle Baden)<\/li>\n<li>24.04.: Sumsi-Erima- Fu\u00dfballcup (Sportanlage Bad V\u00f6slau)<\/li>\n<li>Benefizlauf zugunsten des Vereins Regenbogental im Juni 2026<\/li>\n<\/ul>\n<p><span style=\"color: #000000;\"><strong>Verkehrserziehung:\u00a0<\/strong><\/span><\/p>\n<ul>\n<li>12.09.: AUVA &#8211; Radworkshop (2.-4. Klasse)<\/li>\n<li style=\"font-size: 16px;\">30.09.: Verkehrserziehung mit Polizei (alle Klassen)<\/li>\n<li>06.10.: praktische Radfahrpr\u00fcfung (4.Klasse)<\/li>\n<li>10.10.: &#8222;Hallo Auto&#8220; (3.+4.Klasse)<\/li>\n<li>24.02.: &#8222;Blick &amp; Klick&#8220; (1.+2. Klasse)<\/li>\n<li>28.05.: Sicheres Rollern (2.-4.Klasse)<\/li>\n<\/ul>\n<p><strong>Gesundheit:\u00a0<\/strong><\/p>\n<ul>\n<li style=\"font-size: 16px;\">09.10. + 17.10.2025: Power4me 4.Klasse<\/li>\n<li style=\"font-size: 16px;\">02.12.2025 + 16.04.2026: Aktion Apollonia (alle Klassen)<\/li>\n<li>14. + 15. 04.: Workshop &#8222;Gesunde Jause&#8220; unter Anleitung einer Seminarb\u00e4uerin<\/li>\n<li style=\"font-size: 16px;\">18.06. 2026: Power4me 2.Klasse<\/li>\n<\/ul>\n<p><strong>Tierschutz\/Umweltschutz:<\/strong><\/p>\n<ul>\n<li>09.+23.10.: Workshop &#8222;Kriechen, h\u00fcpfen, krabbeln mit Biene, Kr\u00f6te und Co&#8220; (1. + 2. Klasse)<\/li>\n<li>14.10.: Wuffzack &#8211; Hundeprojekt (3.+ 4. Klasse)<\/li>\n<li>21. 04. &#8222;Bobby Bottle&#8220; (3. + 4. Klasse)<\/li>\n<li>21.5.: Exkursion &#8222;Renaturierung erleben &#8211; Fl\u00fcsse wertsch\u00e4tzen (gef\u00f6rdert vom Land N\u00d6) &#8211; 3. + 4. Klasse<\/li>\n<\/ul>\n<p><strong>Kultur:\u00a0<\/strong><\/p>\n<ul>\n<li style=\"font-size: 16px;\">28.11.2025:\u00a0 Adventmarkt &#8211; Beginn 16 Uhr<\/li>\n<li style=\"font-size: 16px;\">15.12.: 2025: S\u00fcdwind &#8211; Workshop: &#8222;Baumwolle- Die Reise meiner Jeans&#8220; (3. + 4. Klasse)<\/li>\n<li>02.03: Umwelt-Zaubershow (alle Klassen)<\/li>\n<li>22.04.2025.: Mitmachkonzert Rock4Kids &#8222;Klassik trifft Spa\u00df &#8211; Mozart und Haydn zum Mitmachen&#8220; (alle Klassen)<\/li>\n<\/ul>\n<p><span style=\"font-size: 16px; font-style: normal; font-weight: 400;\">\u00a0 \u00a0 \u00a0 \u00a0<\/span><\/p>\n<ul>\n<li>01.06.: V\u00f6slauer Mineralwasser &#8211; Werksf\u00fchrung (3. + 4. Klasse)<\/li>\n<li>08.06. &#8211; 12.06.: Projektwoche der 3. Klasse im Waldviertel<\/li>\n<li>11.06.: AK Berufemesse Kasematten Wr. Neustadt (4. Klasse)<\/li>\n<li>26.06.: Schulschlussfest<\/li>\n<\/ul>\n<p>&nbsp;<\/p>\n<p>&nbsp;<\/p>\n<p>&nbsp;<\/p>\n<p>&nbsp;<\/p>\n","protected":false},"excerpt":{"rendered":"<p>&nbsp; Allgemeine Termine Schulbeginn: 01.09.2025 Schulschluss: 03.07.2026 &nbsp; ____________________________________________________________________________________ Klassenforen\/Elternsprechtage\/KEL Gespr\u00e4che: Klassenforen: 03.09. 2025 Schulforum: 30.9. 2025 Elternsprechtag: 19.11.2025 KEL-Gespr\u00e4che im 2. Semester _____________________________________________________________________________ Schulautonomer Tag: \u00a0 \u00a0 \u00a0 \u00a005.06.2026 Schulferien\/Feiertage: Herbstferien: 27.10.-31.10.2025 \u00a0 \u00a0 \u00a0 \u00a0 \u00a0 \u00a0 \u00a0 \u00a0 \u00a0 \u00a0 \u00a0 \u00a0 \u00a0 \u00a0 \u00a0 \u00a0 \u00a0 \u00a0 \u00a0 \u00a0 \u00a0 \u00a0 [&hellip;]<\/p>\n","protected":false},"author":1,"featured_media":0,"parent":0,"menu_order":0,"comment_status":"closed","ping_status":"closed","template":"","meta":{"site-sidebar-layout":"default","site-content-layout":"default","ast-site-content-layout":"default","site-content-style":"default","site-sidebar-style":"default","ast-global-header-display":"","ast-banner-title-visibility":"","ast-main-header-display":"","ast-hfb-above-header-display":"","ast-hfb-below-header-display":"","ast-hfb-mobile-header-display":"","site-post-title":"","ast-breadcrumbs-content":"","ast-featured-img":"","footer-sml-layout":"","theme-transparent-header-meta":"default","adv-header-id-meta":"","stick-header-meta":"","header-above-stick-meta":"","header-main-stick-meta":"","header-below-stick-meta":"","astra-migrate-meta-layouts":"set","ast-page-background-enabled":"default","ast-page-background-meta":{"desktop":{"background-color":"var(--ast-global-color-4)","background-image":"","background-repeat":"repeat","background-position":"center center","background-size":"auto","background-attachment":"scroll","background-type":"","background-media":"","overlay-type":"","overlay-color":"","overlay-opacity":"","overlay-gradient":""},"tablet":{"background-color":"","background-image":"","background-repeat":"repeat","background-position":"center center","background-size":"auto","background-attachment":"scroll","background-type":"","background-media":"","overlay-type":"","overlay-color":"","overlay-opacity":"","overlay-gradient":""},"mobile":{"background-color":"","background-image":"","background-repeat":"repeat","background-position":"center center","background-size":"auto","background-attachment":"scroll","background-type":"","background-media":"","overlay-type":"","overlay-color":"","overlay-opacity":"","overlay-gradient":""}},"ast-content-background-meta":{"desktop":{"background-color":"var(--ast-global-color-5)","background-image":"","background-repeat":"repeat","background-position":"center center","background-size":"auto","background-attachment":"scroll","background-type":"","background-media":"","overlay-type":"","overlay-color":"","overlay-opacity":"","overlay-gradient":""},"tablet":{"background-color":"var(--ast-global-color-5)","background-image":"","background-repeat":"repeat","background-position":"center center","background-size":"auto","background-attachment":"scroll","background-type":"","background-media":"","overlay-type":"","overlay-color":"","overlay-opacity":"","overlay-gradient":""},"mobile":{"background-color":"var(--ast-global-color-5)","background-image":"","background-repeat":"repeat","background-position":"center center","background-size":"auto","background-attachment":"scroll","background-type":"","background-media":"","overlay-type":"","overlay-color":"","overlay-opacity":"","overlay-gradient":""}},"footnotes":""},"class_list":["post-57","page","type-page","status-publish","hentry"],"_links":{"self":[{"href":"https:\/\/vsschoenau.ac.at\/index.php?rest_route=\/wp\/v2\/pages\/57","targetHints":{"allow":["GET"]}}],"collection":[{"href":"https:\/\/vsschoenau.ac.at\/index.php?rest_route=\/wp\/v2\/pages"}],"about":[{"href":"https:\/\/vsschoenau.ac.at\/index.php?rest_route=\/wp\/v2\/types\/page"}],"author":[{"embeddable":true,"href":"https:\/\/vsschoenau.ac.at\/index.php?rest_route=\/wp\/v2\/users\/1"}],"replies":[{"embeddable":true,"href":"https:\/\/vsschoenau.ac.at\/index.php?rest_route=%2Fwp%2Fv2%2Fcomments&post=57"}],"version-history":[{"count":59,"href":"https:\/\/vsschoenau.ac.at\/index.php?rest_route=\/wp\/v2\/pages\/57\/revisions"}],"predecessor-version":[{"id":3679,"href":"https:\/\/vsschoenau.ac.at\/index.php?rest_route=\/wp\/v2\/pages\/57\/revisions\/3679"}],"wp:attachment":[{"href":"https:\/\/vsschoenau.ac.at\/index.php?rest_route=%2Fwp%2Fv2%2Fmedia&parent=57"}],"curies":[{"name":"wp","href":"https:\/\/api.w.org\/{rel}","templated":true}]}}

<p>&nbsp;</p>
<p style="text-align: center;"><strong><span style="color: #993366;">Allgemeine Termine</span></strong></p>
<p style="text-align: center;">Schulbeginn: 01.09.2025</p>
<p style="text-align: center;">Schulschluss: 03.07.2026</p>
<p>&nbsp;</p>
<p>____________________________________________________________________________________</p>
<p style="text-align: center;"><strong><span style="color: #993366;">Klassenforen/Elternsprechtage/KEL Gespräche:</span></strong></p>
<p style="text-align: center;">Klassenforen: 03.09. 2025</p>
<p style="text-align: center;">Schulforum: 30.9. 2025</p>
<p style="text-align: center;">Elternsprechtag: 19.11.2025</p>
<p style="text-align: center;">KEL-Gespräche im 2. Semester</p>
<p>_____________________________________________________________________________</p>
<p style="text-align: center;"><strong><span style="color: #993366;">Schulautonomer Tag:</span></strong></p>
<p style="text-align: center;">       05.06.2026</p>
<hr />
<p style="text-align: center;"><strong><span style="color: #993366;">Schulferien/Feiertage:</span></strong></p>
<p style="text-align: center;">Herbstferien: 27.10.-31.10.2025</p>
<p>                                                                            Maria Empfängnis 08.12.2025</p>
<p style="text-align: center;">Weihnachtsferien: 24.12.2025 &#8211; 06.01.2026</p>
<p style="text-align: center;">Semesterferien: 02.02. &#8211; 06.02.2026</p>
<p style="text-align: center;">Osterferien: 28.03. &#8211; 06.04.2026</p>
<p style="text-align: center;">Staatsfeiertag: 01.05.2026</p>
<p style="text-align: center;">Christi Himmelfahrt: 14.05.2026</p>
<p style="text-align: center;">Pfingstferien: 23.05. &#8211; 25.05.2026</p>
<p style="text-align: center;">Fronleichnam: 04.06.2026</p>
<p style="text-align: center;">Sommerferien: 04.07. &#8211; 06.09.2026</p>
<hr />
<p><strong><span style="color: #993366;">Schulprojekte:</span></strong></p>
<p><span style="color: #000000;"><strong>Sport/Bewegung: </strong></span></p>
<ul style="font-size: 16px; font-style: normal; font-weight: 400;">
<li style="font-size: 16px;">17.09.: Wandertag Schlosspark Kottingbrunn (1.-3.Klasse)</li>
<li style="font-size: 16px;">&#8222;Bewegte Klasse&#8220;: 20.10., 22.12. 2025, 16.02., 13.04. und 17.06. 2026</li>
<li><span style="font-size: 16px; font-style: normal; font-weight: 400;">&#8222;Hopsi Hopper&#8220; (alle Klassen): 05.11., 21.01. 2025, 25.03., 20.05. 2026</span></li>
<li style="font-size: 16px;">Eislauftermine: 21.11. 2025, 20.2. 2026</li>
<li>19.12.: Mädchenfußball</li>
<li style="font-size: 16px;">23.01.: Sumsi-Erima-Hallenfußballcup (Veranstaltungshalle Baden)</li>
<li>24.04.: Sumsi-Erima- Fußballcup (Sportanlage Bad Vöslau)</li>
<li>Benefizlauf zugunsten des Vereins Regenbogental im Juni 2026</li>
</ul>
<p><span style="color: #000000;"><strong>Verkehrserziehung: </strong></span></p>
<ul>
<li>12.09.: AUVA &#8211; Radworkshop (2.-4. Klasse)</li>
<li style="font-size: 16px;">30.09.: Verkehrserziehung mit Polizei (alle Klassen)</li>
<li>06.10.: praktische Radfahrprüfung (4.Klasse)</li>
<li>10.10.: &#8222;Hallo Auto&#8220; (3.+4.Klasse)</li>
<li>24.02.: &#8222;Blick &amp; Klick&#8220; (1.+2. Klasse)</li>
<li>28.05.: Sicheres Rollern (2.-4.Klasse)</li>
</ul>
<p><strong>Gesundheit: </strong></p>
<ul>
<li style="font-size: 16px;">09.10. + 17.10.2025: Power4me 4.Klasse</li>
<li style="font-size: 16px;">02.12.2025 + 16.04.2026: Aktion Apollonia (alle Klassen)</li>
<li>14. + 15. 04.: Workshop &#8222;Gesunde Jause&#8220; unter Anleitung einer Seminarbäuerin</li>
<li style="font-size: 16px;">18.06. 2026: Power4me 2.Klasse</li>
</ul>
<p><strong>Tierschutz/Umweltschutz:</strong></p>
<ul>
<li>09.+23.10.: Workshop &#8222;Kriechen, hüpfen, krabbeln mit Biene, Kröte und Co&#8220; (1. + 2. Klasse)</li>
<li>14.10.: Wuffzack &#8211; Hundeprojekt (3.+ 4. Klasse)</li>
<li>21. 04. &#8222;Bobby Bottle&#8220; (3. + 4. Klasse)</li>
<li>21.5.: Exkursion &#8222;Renaturierung erleben &#8211; Flüsse wertschätzen (gefördert vom Land NÖ) &#8211; 3. + 4. Klasse</li>
</ul>
<p><strong>Kultur: </strong></p>
<ul>
<li style="font-size: 16px;">28.11.2025:  Adventmarkt &#8211; Beginn 16 Uhr</li>
<li style="font-size: 16px;">15.12.: 2025: Südwind &#8211; Workshop: &#8222;Baumwolle- Die Reise meiner Jeans&#8220; (3. + 4. Klasse)</li>
<li>02.03: Umwelt-Zaubershow (alle Klassen)</li>
<li>22.04.2025.: Mitmachkonzert Rock4Kids &#8222;Klassik trifft Spaß &#8211; Mozart und Haydn zum Mitmachen&#8220; (alle Klassen)</li>
</ul>
<p><span style="font-size: 16px; font-style: normal; font-weight: 400;">       </span></p>
<ul>
<li>01.06.: Vöslauer Mineralwasser &#8211; Werksführung (3. + 4. Klasse)</li>
<li>08.06. &#8211; 12.06.: Projektwoche der 3. Klasse im Waldviertel</li>
<li>11.06.: AK Berufemesse Kasematten Wr. Neustadt (4. Klasse)</li>
<li>26.06.: Schulschlussfest</li>
</ul>
<p>&nbsp;</p>
<p>&nbsp;</p>
<p>&nbsp;</p>
<p>&nbsp;</p>

<p>&nbsp; Allgemeine Termine Schulbeginn: 01.09.2025 Schulschluss: 03.07.2026 &nbsp; ____________________________________________________________________________________ Klassenforen/Elternsprechtage/KEL Gespräche: Klassenforen: 03.09. 2025 Schulforum: 30.9. 2025 Elternsprechtag: 19.11.2025 KEL-Gespräche im 2. Semester _____________________________________________________________________________ Schulautonomer Tag:        05.06.2026 Schulferien/Feiertage: Herbstferien: 27.10.-31.10.2025                                             [&hellip;]</p>
