{"id":125,"date":"2022-05-17T14:08:34","date_gmt":"2022-05-17T14:08:34","guid":{"rendered":"https:\/\/vsschoenau.ac.at\/?page_id=125"},"modified":"2026-03-16T08:40:18","modified_gmt":"2026-03-16T08:40:18","slug":"elternverein","status":"publish","type":"page","link":"https:\/\/vsschoenau.ac.at\/?page_id=125","title":{"rendered":"Elternverein"},"content":{"rendered":"<p><img loading=\"lazy\" decoding=\"async\" class=\"alignnone wp-image-2294\" src=\"https:\/\/vsschoenau.ac.at\/wp-content\/uploads\/2025\/01\/1000079626.png\" alt=\"\" width=\"81\" height=\"82\" \/>\u00a0 \u00a0 \u00a0 \u00a0 <strong>Herzlich willkommen beim Elternverein der Volksschule Sch\u00f6nau!\u00a0 \u00a0 \u00a0 \u00a0 \u00a0 \u00a0 \u00a0 \u00a0<img loading=\"lazy\" decoding=\"async\" class=\"alignnone wp-image-2295\" src=\"https:\/\/vsschoenau.ac.at\/wp-content\/uploads\/2025\/01\/1000079627-300x280.jpg\" alt=\"\" width=\"82\" height=\"76\" srcset=\"https:\/\/vsschoenau.ac.at\/wp-content\/uploads\/2025\/01\/1000079627-300x280.jpg 300w, https:\/\/vsschoenau.ac.at\/wp-content\/uploads\/2025\/01\/1000079627.jpg 310w\" sizes=\"auto, (max-width: 82px) 100vw, 82px\" \/><\/strong><\/p>\n<p>F\u00fcr unsere Kinder! Als Eltern und Erziehungsberechtigte ist die Bildung unserer Kinder eine Herzensangelegenheit! Der Volksschulbesuch unserer Kinder bildet einen wesentlichen Teil des Fundaments, mit dem unsere Kinder ihren weiteren Lebensweg gehen. Die Schule soll f\u00fcr die Kinder nicht nur ein Ort des Lernens und Wachsens, sondern auch der Gemeinschaft und Freude sein.<\/p>\n<p>Als Elternverein arbeiten wir eng mit der Schule zusammen, um die Volksschulzeit f\u00fcr Kinder, Eltern und Lehrer:innen aktiv positiv mitzugestalten und mit bunten Erfahrungen und Erlebnissen zu bereichern.<\/p>\n<p>Konkret tun wir dies u.a. durch<\/p>\n<ul>\n<li>Organisation von Festen, insbesondere dem Schulabschlussfest, Workshops und Informationsabenden, um den Austausch zwischen Eltern, Lehrer:innen und Schulmitarbeiter:innen zu f\u00f6rdern und das Schulleben lebendig zu gestalten.<\/li>\n<li>Unterst\u00fctzung karitativer Aktivit\u00e4ten, wie die Weihnachtsaktion des Vereins TRIDOK und den Charity-Lauf der Kinder zugunsten von Cosplay<\/li>\n<li>Finanzielle Unterst\u00fctzung von schulischen Aktivit\u00e4ten, z.B. Einlaufen, Power4me, Projektwoche der 3. Klasse<\/li>\n<li>Bereicherung von Festtagen mit kleinen Aufmerksamkeiten f\u00fcr die Kinder (Nikolaus, Fasching, Ostern, Schulschluss)<br \/>\nAnschaffung von p\u00e4dagogischem Material und Spielsachen (B\u00e4lle etc.)<\/li>\n<li>Bei Bedarf \u00dcbernahme von schulbezogenen Kosten und finanzielle Unterst\u00fctzung von Familien<\/li>\n<li>Interessensvertretung der Eltern in der Zusammenarbeit mit der Schule und dem Schulerhalter (Gemeinde)<\/li>\n<\/ul>\n<p style=\"text-align: center;\"><strong>Der Elternverein lebt von engagierten und aktiven Eltern und Mitgliedern!<\/strong><\/p>\n<p style=\"text-align: center;\"><strong>Ihre Ideen, Anregungen und Ihr Engagement sind willkommen!<\/strong><\/p>\n<p>Wir laden alle Eltern herzlich ein, Mitglied im Verein zu werden und aktiv bei der Vorbereitung der Aktivit\u00e4ten mitzuwirken. Erst durch Ihre Spenden und Mitgliedsbeitr\u00e4ge werden die oben genannten Aktivit\u00e4ten erm\u00f6glicht \u2026 Vielen Dank!<\/p>\n<p>Um Mitglied im Elternverein zu werden, wenden Sie sich bitte direkt an ein Vorstandsmitglied.<\/p>\n<p style=\"text-align: center;\"><strong>Vorstand Elternverein<\/strong><\/p>\n<p style=\"text-align: center;\">Vorsitzende: \u00a0\u00a0\u00a0\u00a0\u00a0\u00a0\u00a0\u00a0\u00a0\u00a0\u00a0\u00a0\u00a0\u00a0\u00a0\u00a0\u00a0\u00a0\u00a0\u00a0\u00a0\u00a0\u00a0\u00a0\u00a0\u00a0\u00a0\u00a0\u00a0\u00a0\u00a0\u00a0\u00a0 Lisa Simmel<\/p>\n<p style=\"text-align: center;\">Stellvertretende Vorsitzende: Nicole Bettstein<\/p>\n<p style=\"text-align: center;\">Schriftf\u00fchrerin: \u00a0\u00a0\u00a0\u00a0\u00a0\u00a0\u00a0\u00a0\u00a0\u00a0\u00a0\u00a0\u00a0\u00a0\u00a0\u00a0\u00a0\u00a0\u00a0\u00a0\u00a0\u00a0\u00a0\u00a0\u00a0\u00a0\u00a0 Linda Zach<\/p>\n<p style=\"text-align: center;\">Kassier: \u00a0\u00a0\u00a0\u00a0\u00a0\u00a0\u00a0\u00a0\u00a0\u00a0\u00a0\u00a0\u00a0\u00a0\u00a0\u00a0\u00a0\u00a0\u00a0\u00a0\u00a0\u00a0\u00a0\u00a0\u00a0\u00a0\u00a0\u00a0\u00a0\u00a0\u00a0\u00a0\u00a0\u00a0\u00a0\u00a0\u00a0\u00a0\u00a0\u00a0\u00a0 Richard Otte<\/p>\n<p style=\"text-align: center;\">Stellvertretender Kassier: \u00a0\u00a0\u00a0\u00a0\u00a0\u00a0\u00a0 Marc Mokricky<\/p>\n<p style=\"text-align: center;\">Rechnungspr\u00fcferin 1: \u00a0\u00a0\u00a0\u00a0\u00a0\u00a0\u00a0\u00a0\u00a0\u00a0\u00a0\u00a0\u00a0\u00a0\u00a0 Jennifer Kress<\/p>\n<p style=\"text-align: center;\">Rechnungspr\u00fcfer 2: \u00a0\u00a0\u00a0\u00a0\u00a0\u00a0\u00a0\u00a0\u00a0\u00a0\u00a0\u00a0\u00a0\u00a0\u00a0\u00a0\u00a0\u00a0 Christoph Zach<\/p>\n<p style=\"text-align: center;\"><img loading=\"lazy\" decoding=\"async\" class=\"alignnone wp-image-2289\" src=\"https:\/\/vsschoenau.ac.at\/wp-content\/uploads\/2025\/01\/EV-300x225.jpg\" alt=\"\" width=\"347\" height=\"260\" srcset=\"https:\/\/vsschoenau.ac.at\/wp-content\/uploads\/2025\/01\/EV-300x225.jpg 300w, https:\/\/vsschoenau.ac.at\/wp-content\/uploads\/2025\/01\/EV-1024x768.jpg 1024w, https:\/\/vsschoenau.ac.at\/wp-content\/uploads\/2025\/01\/EV-768x576.jpg 768w, https:\/\/vsschoenau.ac.at\/wp-content\/uploads\/2025\/01\/EV-1536x1152.jpg 1536w, https:\/\/vsschoenau.ac.at\/wp-content\/uploads\/2025\/01\/EV.jpg 2048w\" sizes=\"auto, (max-width: 347px) 100vw, 347px\" \/><\/p>\n<p>&nbsp;<\/p>\n<p>Bitte z\u00f6gern Sie nicht, bei Anliegen, die unsere Volksschule und den Schulbesuch Ihres Kindes betreffen, sich an uns zu wenden!<\/p>\n<p style=\"text-align: center;\">Wir freuen uns auf die Zusammenarbeit!<\/p>\n<p style=\"text-align: center;\">Im Namen des Vorstandes des Elternvereins der Volksschule Sch\u00f6nau an der Triesting<\/p>\n<p style=\"text-align: center;\">Lisa Simmel (Vorsitzende), Nicole Bettstein (Stellv. Vorsitzende)<\/p>\n<p style=\"text-align: center;\"><strong>Email: elternverein.volksschule.schoenau@gmx.at<\/strong><\/p>\n","protected":false},"excerpt":{"rendered":"<p>\u00a0 \u00a0 \u00a0 \u00a0 Herzlich willkommen beim Elternverein der Volksschule Sch\u00f6nau!\u00a0 \u00a0 \u00a0 \u00a0 \u00a0 \u00a0 \u00a0 \u00a0 F\u00fcr unsere Kinder! Als Eltern und Erziehungsberechtigte ist die Bildung unserer Kinder eine Herzensangelegenheit! Der Volksschulbesuch unserer Kinder bildet einen wesentlichen Teil des Fundaments, mit dem unsere Kinder ihren weiteren Lebensweg gehen. Die Schule soll f\u00fcr die [&hellip;]<\/p>\n","protected":false},"author":1,"featured_media":0,"parent":0,"menu_order":0,"comment_status":"closed","ping_status":"closed","template":"","meta":{"site-sidebar-layout":"default","site-content-layout":"default","ast-site-content-layout":"default","site-content-style":"default","site-sidebar-style":"default","ast-global-header-display":"","ast-banner-title-visibility":"","ast-main-header-display":"","ast-hfb-above-header-display":"","ast-hfb-below-header-display":"","ast-hfb-mobile-header-display":"","site-post-title":"","ast-breadcrumbs-content":"","ast-featured-img":"","footer-sml-layout":"","theme-transparent-header-meta":"default","adv-header-id-meta":"","stick-header-meta":"","header-above-stick-meta":"","header-main-stick-meta":"","header-below-stick-meta":"","astra-migrate-meta-layouts":"set","ast-page-background-enabled":"default","ast-page-background-meta":{"desktop":{"background-color":"var(--ast-global-color-4)","background-image":"","background-repeat":"repeat","background-position":"center center","background-size":"auto","background-attachment":"scroll","background-type":"","background-media":"","overlay-type":"","overlay-color":"","overlay-opacity":"","overlay-gradient":""},"tablet":{"background-color":"","background-image":"","background-repeat":"repeat","background-position":"center center","background-size":"auto","background-attachment":"scroll","background-type":"","background-media":"","overlay-type":"","overlay-color":"","overlay-opacity":"","overlay-gradient":""},"mobile":{"background-color":"","background-image":"","background-repeat":"repeat","background-position":"center center","background-size":"auto","background-attachment":"scroll","background-type":"","background-media":"","overlay-type":"","overlay-color":"","overlay-opacity":"","overlay-gradient":""}},"ast-content-background-meta":{"desktop":{"background-color":"var(--ast-global-color-5)","background-image":"","background-repeat":"repeat","background-position":"center center","background-size":"auto","background-attachment":"scroll","background-type":"","background-media":"","overlay-type":"","overlay-color":"","overlay-opacity":"","overlay-gradient":""},"tablet":{"background-color":"var(--ast-global-color-5)","background-image":"","background-repeat":"repeat","background-position":"center center","background-size":"auto","background-attachment":"scroll","background-type":"","background-media":"","overlay-type":"","overlay-color":"","overlay-opacity":"","overlay-gradient":""},"mobile":{"background-color":"var(--ast-global-color-5)","background-image":"","background-repeat":"repeat","background-position":"center center","background-size":"auto","background-attachment":"scroll","background-type":"","background-media":"","overlay-type":"","overlay-color":"","overlay-opacity":"","overlay-gradient":""}},"footnotes":""},"class_list":["post-125","page","type-page","status-publish","hentry"],"_links":{"self":[{"href":"https:\/\/vsschoenau.ac.at\/index.php?rest_route=\/wp\/v2\/pages\/125","targetHints":{"allow":["GET"]}}],"collection":[{"href":"https:\/\/vsschoenau.ac.at\/index.php?rest_route=\/wp\/v2\/pages"}],"about":[{"href":"https:\/\/vsschoenau.ac.at\/index.php?rest_route=\/wp\/v2\/types\/page"}],"author":[{"embeddable":true,"href":"https:\/\/vsschoenau.ac.at\/index.php?rest_route=\/wp\/v2\/users\/1"}],"replies":[{"embeddable":true,"href":"https:\/\/vsschoenau.ac.at\/index.php?rest_route=%2Fwp%2Fv2%2Fcomments&post=125"}],"version-history":[{"count":8,"href":"https:\/\/vsschoenau.ac.at\/index.php?rest_route=\/wp\/v2\/pages\/125\/revisions"}],"predecessor-version":[{"id":3569,"href":"https:\/\/vsschoenau.ac.at\/index.php?rest_route=\/wp\/v2\/pages\/125\/revisions\/3569"}],"wp:attachment":[{"href":"https:\/\/vsschoenau.ac.at\/index.php?rest_route=%2Fwp%2Fv2%2Fmedia&parent=125"}],"curies":[{"name":"wp","href":"https:\/\/api.w.org\/{rel}","templated":true}]}}

<p><img loading="lazy" decoding="async" class="alignnone wp-image-2294" src="https://vsschoenau.ac.at/wp-content/uploads/2025/01/1000079626.png" alt="" width="81" height="82" />        <strong>Herzlich willkommen beim Elternverein der Volksschule Schönau!               <img loading="lazy" decoding="async" class="alignnone wp-image-2295" src="https://vsschoenau.ac.at/wp-content/uploads/2025/01/1000079627-300x280.jpg" alt="" width="82" height="76" srcset="https://vsschoenau.ac.at/wp-content/uploads/2025/01/1000079627-300x280.jpg 300w, https://vsschoenau.ac.at/wp-content/uploads/2025/01/1000079627.jpg 310w" sizes="auto, (max-width: 82px) 100vw, 82px" /></strong></p>
<p>Für unsere Kinder! Als Eltern und Erziehungsberechtigte ist die Bildung unserer Kinder eine Herzensangelegenheit! Der Volksschulbesuch unserer Kinder bildet einen wesentlichen Teil des Fundaments, mit dem unsere Kinder ihren weiteren Lebensweg gehen. Die Schule soll für die Kinder nicht nur ein Ort des Lernens und Wachsens, sondern auch der Gemeinschaft und Freude sein.</p>
<p>Als Elternverein arbeiten wir eng mit der Schule zusammen, um die Volksschulzeit für Kinder, Eltern und Lehrer:innen aktiv positiv mitzugestalten und mit bunten Erfahrungen und Erlebnissen zu bereichern.</p>
<p>Konkret tun wir dies u.a. durch</p>
<ul>
<li>Organisation von Festen, insbesondere dem Schulabschlussfest, Workshops und Informationsabenden, um den Austausch zwischen Eltern, Lehrer:innen und Schulmitarbeiter:innen zu fördern und das Schulleben lebendig zu gestalten.</li>
<li>Unterstützung karitativer Aktivitäten, wie die Weihnachtsaktion des Vereins TRIDOK und den Charity-Lauf der Kinder zugunsten von Cosplay</li>
<li>Finanzielle Unterstützung von schulischen Aktivitäten, z.B. Einlaufen, Power4me, Projektwoche der 3. Klasse</li>
<li>Bereicherung von Festtagen mit kleinen Aufmerksamkeiten für die Kinder (Nikolaus, Fasching, Ostern, Schulschluss)<br />
Anschaffung von pädagogischem Material und Spielsachen (Bälle etc.)</li>
<li>Bei Bedarf Übernahme von schulbezogenen Kosten und finanzielle Unterstützung von Familien</li>
<li>Interessensvertretung der Eltern in der Zusammenarbeit mit der Schule und dem Schulerhalter (Gemeinde)</li>
</ul>
<p style="text-align: center;"><strong>Der Elternverein lebt von engagierten und aktiven Eltern und Mitgliedern!</strong></p>
<p style="text-align: center;"><strong>Ihre Ideen, Anregungen und Ihr Engagement sind willkommen!</strong></p>
<p>Wir laden alle Eltern herzlich ein, Mitglied im Verein zu werden und aktiv bei der Vorbereitung der Aktivitäten mitzuwirken. Erst durch Ihre Spenden und Mitgliedsbeiträge werden die oben genannten Aktivitäten ermöglicht … Vielen Dank!</p>
<p>Um Mitglied im Elternverein zu werden, wenden Sie sich bitte direkt an ein Vorstandsmitglied.</p>
<p style="text-align: center;"><strong>Vorstand Elternverein</strong></p>
<p style="text-align: center;">Vorsitzende:                                   Lisa Simmel</p>
<p style="text-align: center;">Stellvertretende Vorsitzende: Nicole Bettstein</p>
<p style="text-align: center;">Schriftführerin:                             Linda Zach</p>
<p style="text-align: center;">Kassier:                                           Richard Otte</p>
<p style="text-align: center;">Stellvertretender Kassier:         Marc Mokricky</p>
<p style="text-align: center;">Rechnungsprüferin 1:                 Jennifer Kress</p>
<p style="text-align: center;">Rechnungsprüfer 2:                    Christoph Zach</p>
<p style="text-align: center;"><img loading="lazy" decoding="async" class="alignnone wp-image-2289" src="https://vsschoenau.ac.at/wp-content/uploads/2025/01/EV-300x225.jpg" alt="" width="347" height="260" srcset="https://vsschoenau.ac.at/wp-content/uploads/2025/01/EV-300x225.jpg 300w, https://vsschoenau.ac.at/wp-content/uploads/2025/01/EV-1024x768.jpg 1024w, https://vsschoenau.ac.at/wp-content/uploads/2025/01/EV-768x576.jpg 768w, https://vsschoenau.ac.at/wp-content/uploads/2025/01/EV-1536x1152.jpg 1536w, https://vsschoenau.ac.at/wp-content/uploads/2025/01/EV.jpg 2048w" sizes="auto, (max-width: 347px) 100vw, 347px" /></p>
<p>&nbsp;</p>
<p>Bitte zögern Sie nicht, bei Anliegen, die unsere Volksschule und den Schulbesuch Ihres Kindes betreffen, sich an uns zu wenden!</p>
<p style="text-align: center;">Wir freuen uns auf die Zusammenarbeit!</p>
<p style="text-align: center;">Im Namen des Vorstandes des Elternvereins der Volksschule Schönau an der Triesting</p>
<p style="text-align: center;">Lisa Simmel (Vorsitzende), Nicole Bettstein (Stellv. Vorsitzende)</p>
<p style="text-align: center;"><strong>Email: elternverein.volksschule.schoenau@gmx.at</strong></p>

<p>        Herzlich willkommen beim Elternverein der Volksschule Schönau!                Für unsere Kinder! Als Eltern und Erziehungsberechtigte ist die Bildung unserer Kinder eine Herzensangelegenheit! Der Volksschulbesuch unserer Kinder bildet einen wesentlichen Teil des Fundaments, mit dem unsere Kinder ihren weiteren Lebensweg gehen. Die Schule soll für die [&hellip;]</p>
